s the tens digit of s(a)?
8
Let b(a) be the second derivative of 109*a**4/12 + a**3/2 + 11*a. Let k be b(-2). Suppose -5*i = 5*c - k, -4*c - 97 = -4*i + 207. What is the tens digit of i?
8
Suppose 4454 = f + 2*c, -9*c = f - 10*c - 4460. Suppose 0 = 9*b - f - 2526. What is the units digit of b?
6
Let d be (-24)/(-64) - (-58)/16. Suppose 3*l + 0*w = 2*w + 1257, -l = d*w - 405. What is the tens digit of l?
1
Suppose -69 = 30*o - 369. What is the units digit of 1*201 - o*10/(-20)?
6
Suppose 5*y - 26430 = -5*d, 497*y - 502*y = -d - 26400. What is the hundreds digit of y?
2
Let d be (-9)/((-36)/32) - (-3 - -6). Suppose 4*v = 4*u + 368, -4 = d*v - 4*u - 465. What is the units digit of v?
3
Suppose -4*u + 4*u = -34*u + 113968. What is the tens digit of u?
5
Suppose 283*b - 271*b + 9720 = 0. Let s = 200 - b. What is the units digit of s?
0
Let f = -2832 + 18842. What is the thousands digit of f?
6
Suppose 17 = 3*z - 7. Suppose -4*p = -z*p + 20. Suppose 252 = p*a + 2*a. What is the tens digit of a?
3
Let l(k) = 2*k**2 - 35*k - 53. Let q be l(19). Suppose -18264 = q*c - 16*c. What is the hundreds digit of c?
5
Let j be (-7)/(6 + (-215)/35). Suppose 0 = -j*l + 52*l - 498. What is the units digit of l?
6
Let w be -1*((-1)/(-1) + -3). Suppose 3*r + 5*b - 396 = r, 2*r = w*b + 424. Let y = -143 + r. What is the units digit of y?
5
Let t = 11922 + -7195. What is the tens digit of t?
2
Suppose d = -2*k + 6007, -5*k - 4*d + 14748 = -277. What is the hundreds digit of k?
0
Let x = -16 + 114. Let z = x + -292. Let p = 59 - z. What is the units digit of p?
3
Let x(i) = 10*i**2 + 82*i + 32. Let h(d) = 18*d**2 + 166*d + 65. Let s(w) = 4*h(w) - 7*x(w). What is the hundreds digit of s(-53)?
8
Let i(o) = 91*o + 1873. What is the tens digit of i(5)?
2
Let d(x) = x**2 + 10*x + 5. Let q be d(-8). Let k be q + 9 - (-62)/(-2). Let t = 73 + k. What is the tens digit of t?
4
Let g = -16773 - -30613. What is the tens digit of g?
4
Suppose 31*z - 3*x = 28*z + 31287, -4*z + 41625 = 9*x. What is the hundreds digit of z?
4
Suppose m + 2*b + 5 = 0, 0*m - 25 = -m + 4*b. Suppose 0 = -m*r - 0*r - 1740. What is the tens digit of (3/12)/((-3)/r)?
2
Suppose -4*s = -w - w + 6, -s = 3*w - 16. Let a be s/(3/870) - 6/3. Suppose -7*y - a = -11*y. What is the tens digit of y?
7
Suppose 6*i - 63844 - 97508 = 0. What is the hundreds digit of i?
8
Let p(h) = -1505*h**3 - h**2 + 138*h + 281. What is the hundreds digit of p(-2)?
0
Let u(r) = -142*r + 164. Let z be u(-10). Suppose 37*i + z = 53*i. What is the units digit of i?
9
Let p = 7855 - 2192. What is the thousands digit of p?
5
Let h(w) be the first derivative of 286*w**3/3 - w**2 + 3*w - 4. Let u be h(1). Suppose -8*r - u + 1175 = 0. What is the hundreds digit of r?
1
Let m = -564 + 1617. Suppose 3*d - m - 506 = r, -3*r + 1021 = 2*d. Suppose -5*b = -20, 5*f - 4*b + b - d = 0. What is the units digit of f?
6
Let d be 48/10 + -5 + (-42)/(-10). Suppose -t - d*t + 2996 = 2*j, j - 2993 = -5*t. What is the units digit of t?
8
Let a = -256 - -257. What is the tens digit of -4 - (-18549)/(9/a)?
5
Let q(a) = 1879*a**2 + 7*a + 75. What is the units digit of q(-4)?
1
Suppose -27 - 9 = -12*h. Suppose -3*t = h*p - 1878, -3*t - 5*p + 1858 = -6*p. What is the units digit of t?
1
Suppose -3*w + 3*d + 83226 = 0, 79*w + 6*d + 83217 = 82*w. What is the ten thousands digit of w?
2
Let n = -8 - -58. Suppose 2*m = 12*m - n. What is the tens digit of ((-202)/(-6))/(m/15)?
0
Suppose -2*x + 38 = -4*p, 3*x - 5*x - 5*p = 7. Suppose 5*l = -5*w + 4285, 0 = 3*l + x. Suppose z - 5*z + q = -w, 0 = -2*q + 8. What is the units digit of z?
6
Let v be -269*(119/(-102) - 2/(-12)). Let y = 574 + v. What is the units digit of y?
3
Let l(c) = 103*c**3 - 2*c**2 + 6*c + 2. Let y be l(6). Suppose -g = -3*h + y, 5855 = -3*h - 2*g + 28054. What is the units digit of 4/18 - h/(-99)?
5
Suppose 0 = -11*i + i + 70. Suppose 0 = 3*p - 4*r - 297, 2*r - 89 = -8*p + i*p. What is the tens digit of p?
9
Let b(z) = 3*z**2 - 4862*z**3 - 3 + 11 + 10*z**2 + 4863*z**3. Suppose -o = -7 + 20. What is the units digit of b(o)?
8
Let g(j) = 11*j**2 - 7*j + 15. Let i(v) = v - 19. Let t be i(7). What is the tens digit of g(t)?
8
Let o(d) = 2143*d**3 - d**2 - 8*d + 8. Let f be o(1). Suppose 0 = -3*x + 4*h + f, -4*x + 3104 = 4*h + 276. What is the units digit of x?
0
Let g be ((-246600)/22)/(-6) + 2/(-11). Suppose 5*a + g = 6258. What is the hundreds digit of a?
8
Let x(s) = -s**2 - 7*s - 6. Let t be x(-4). Suppose 4*a - t = 5*a. Let y(q) = -9*q - 12. What is the tens digit of y(a)?
4
Suppose 0 = -337*n + 2607273 + 1038907 + 1950042. What is the units digit of n?
6
Suppose -57 = -0*h - 3*h. Suppose -h*c + 3508 = -862. What is the tens digit of c?
3
Suppose -5*x = -2*k - 38, -5*x + 15*k = 12*k - 42. Suppose 1127 = x*q + q. What is the tens digit of q?
6
Let q(n) = -n**2 - 11*n + 12. Let z be q(-11). Let d(u) = 24*u + 22. What is the tens digit of d(z)?
1
Suppose -30*n + 264018 = -43812. What is the ten thousands digit of n?
1
Let m = 57 + -52. Suppose -m*h - 2 = -3*p, 0*p - 2*h - 16 = -5*p. Suppose -44 = -4*r - 4*x, -r - p*x - 1 = -0. What is the tens digit of r?
1
Let l = -146 + 96. Let s = l - -83. Let n = s - -15. What is the tens digit of n?
4
Let p(s) = s**3 - 32*s**2 + 5*s + 27. Let y be p(14). Let k = -1907 - y. What is the hundreds digit of k?
5
What is the hundreds digit of (2490/1660)/(2/5 - 8439/21110)?
3
Let i(o) = -24*o + 26*o**2 + 39*o - 20*o + 3. Let r be i(2). What is the tens digit of r - -1*8/4?
9
Let u(x) = x**2 + 1. Let t(q) = -q**2 + 4*q - 5. Let b be t(2). Let j be u(b). Suppose 0 = o - j*m - 62, 4*o = 3*m - 7*m + 296. What is the units digit of o?
0
Let g be 0*((-9)/(-6) - 1). Suppose -6*w - 412 - 170 = g. What is the tens digit of w/((0 + -6 + 4)/2)?
9
Let v = -5852 + 5853. What is the units digit of v?
1
Let n(u) = 384*u. Suppose 16*y - 21*y = -5. What is the tens digit of n(y)?
8
Let g = 713 + 31963. What is the hundreds digit of g?
6
Suppose 5*m - 3 = -g, -g + 140*m - 5 = 141*m. Let v(w) be the second derivative of -13*w**3/6 - 12*w**2 + w. What is the units digit of v(g)?
7
What is the tens digit of (-1474 - 3)/((-3)/6)?
5
Let c(u) = 3*u**2 + 11*u - 4. Let l(m) = m**2 + 3*m + 1. Let z(n) = c(n) - 2*l(n). What is the units digit of z(18)?
8
What is the tens digit of (-203596)/(-184) - (-2)/4*-5?
0
Suppose -2*a = 5*n + 14, 4*n + 31 = -0*n + 5*a. Let i(d) be the first derivative of 2*d**3 - d**2 + 5*d + 175. What is the tens digit of i(n)?
0
Suppose -3 = 2*b + 1. Let i(p) = p**3 - p**2 + p + 1. Let o(v) = -17*v**3 + 10*v**2 - v - 3. Let c(x) = 6*i(x) + o(x). What is the tens digit of c(b)?
9
Suppose 4*a = -0*a - 5*a. Let s(z) = z**2 - z + 55. What is the tens digit of s(a)?
5
Let k(v) = -2*v**3 - 9*v**2 - 7*v + 3. Suppose -12 = -2*n - 3*h + 5*h, 4*n = -4*h + 24. Let x(y) = y - 11. Let o be x(n). What is the tens digit of k(o)?
6
What is the ten thousands digit of (-1753884)/(-108) - (1 + (0 - 16/12))?
1
Let g = -51 - -129. Let c be 6330/(-120) - (-6)/8. Let u = g + c. What is the units digit of u?
6
Let z(u) = 121*u + 59. Let j = -626 - -634. What is the units digit of z(j)?
7
Let s(t) = -t**3 + 2*t + 132. Suppose 8 = -2*b - 4*g, -5*b - 4*g = -3 + 11. What is the hundreds digit of s(b)?
1
Let l(t) = 4*t**2 + 5*t + 25. Let x be l(8). What is the tens digit of -7*x/6*-2?
4
Let c = 173 - 173. Suppose c = 2*m - 96 - 872. What is the units digit of m?
4
Let a = -29080 - -42691. What is the thousands digit of a?
3
Let b = 4 - 54. Let r be 15*5/(b/4). What is the tens digit of 555/12 - r/8?
4
Let k(p) = 3*p**3 + 162*p**2 + 10*p - 119. What is the tens digit of k(-49)?
0
Suppose -7*c + 12*c + 720 = 0. Let z = 277 + c. Suppose -5*h = z - 398. What is the tens digit of h?
5
Suppose 4*g + 2*x - 32 = 4*x, 0 = 3*x - 12. Suppose -10 = -5*s + g*s. Let o(q) = -26*q - 7. What is the units digit of o(s)?
5
What is the units digit of 9833 - (17 - 3 - 31)?
0
Suppose -a + 2*x = -4754, -128*a + 126*a + 3*x + 9511 = 0. What is the units digit of a?
0
Let a = 553 - 918. Let p = 821 - a. What is the tens digit of p?
8
Suppose -11*h + 112 = 31 + 37. Let p(q) = -16*q + 1. Let b be p(-6). Suppose h*u - b = 3*u. What is the units digit of u?
7
Let m be (-10 - 4)*(53/(-212))/(2/156). Let p(o) = o**2 + 6*o + 6. L